0 = 3*k, 9*k - 7*k - s = 3*v. Calculate m(k).
-14
Let h(j) = 10*j**2 - 55*j**2 + 14*j**2 + j**3 + 21*j**2 - 3 + 13*j**2 - 8*j. Give h(-5).
-13
Let b = -123 + 132. Suppose 7*r = b*r - 12. Let s(d) = 10*d - 3. Let i(w) = -2*w + 1. Let u(o) = r*i(o) + s(o). What is u(6)?
-9
Let a(y) = -24*y + 8. Let d be a(-2). Suppose 4*i + 0*k = -3*k + 56, 4*i = 2*k + d. Suppose -24 = -6*h + i*h. Let n(r) = r**2 - r + 3. Give n(h).
15
Let w(h) = -h**2 - 26*h - 144. Let s(c) = -15*c - 3. Let u be s(1). Let g be w(u). Let r(l) = l**2 - 1. Calculate r(g).
-1
Let i be -27*((-8)/(-3) - 6/2). Let n be (15/i)/((-1)/(-3)). Suppose -3*l = -n*l - 4. Let m(w) = -w**3 - 2*w**2 - 2. Determine m(l).
-2
Let m be (2 - (-44)/(-12))*(-54)/(-15). Let c(w) = -20*w + 19. Calculate c(m).
139
Let k be 2 + 2 + (-4)/(-3)*-3. Let n(c) = -5*c + 47. Let b be n(k). Let i(y) = b - 7*y + 0*y - y**2 - 42. What is i(-4)?
17
Suppose -3*f = 5*w + 17 + 14, 3*f + 4*w = -29. Let n = -119 - -122. Let o(c) = 118*c**3 - 119*c**3 + n + 4*c + 2*c + 2 - 6*c**2. Determine o(f).
12
Let i(m) = 698*m - 341*m - 348*m + 4 - 5 - 5. Determine i(-1).
-15
Let u(l) = 19*l + 50. Suppose h - 12 = 4*p, -24*p + 26*p = 5*h - 6. What is u(p)?
-7
Let g(f) = f**3 - 2*f**2 - 2*f - 1. Suppose 0 = -223*t + 224*t - 1. Suppose 32*j = 37*j - 2*l - t, -3*j = -2*l - 3. Calculate g(j).
-2
Let g(w) = -w**2 - 4*w + 4. Let h be 3 + -1 - (-2 + -188). Suppose 0 = -2*o + 6*o - h. Let s be -2 + 1 + (o/4)/(-4). Calculate g(s).
4
Let n be (6/(-4))/(-2 + (-273)/(-138)). Let m = 94 - n. Suppose -2*o - 4 - 16 = 4*z, m = 5*o - 5*z. Let c(q) = -q - 11. Determine c(o).
-11
Let v(l) = 8*l - 8*l - l - 9 + 14 + 6. Give v(-16).
27
Let j(k) be the first derivative of k**4/4 - 4*k**3/3 - 3*k**2 - 7*k + 1. Suppose 68*r + 42*r + 12*r + 39*r - 805 = 0. What is j(r)?
-12
Let g(l) = -l**2 - 7*l - 15. Suppose 3*o - 5*k = 3, 2 = -2*o + 16*k - 14*k. What is g(o)?
-3
Let c(o) = o**3 + 21*o**2 - 2*o - 36. Suppose -67*t = -2*w - 66*t - 45, 5*w + 108 = t. Give c(w).
6
Let g(h) = 7*h - 3. Let o(p) = 15*p - 6. Let u(q) = -13*g(q) + 6*o(q). Suppose 4*c + 60 = -z + 2*z, 5*z - 275 = -5*c. Let l = z + -51. Calculate u(l).
-2
Suppose -2*r + 6 = -3*r. Let q(u) = -u + 3. Let f(d) = -8*d + 18. Let s be (-12 - -10)*(-9)/(-6). Let z(k) = s*f(k) + 21*q(k). What is z(r)?
-9
Let u(o) = o**3 - 13*o**2 - 11*o + 3. Let p be u(14). Suppose 46 = -13*w - p. Let h(a) = -a**3 - 8*a**2 - 7*a + 2. Give h(w).
2
Let s(u) = -u**2 - 2*u + 3. Suppose 51 = -c + 17. Let k = 21 + c. Let t = k - -9. Give s(t).
-5
Let q(p) = -5*p**3 - 3 + 6*p**3 - 2*p + 4 - p**2 + 3. Let h(v) = 10*v**2 + 225*v + 312. Let j be h(-21). Give q(j).
-26
Let o(v) = -123*v + 122*v - 3*v**3 + 4*v**3. Suppose -5*i + 2 = -2*a - 7, 4*i = -3*a - 2. Give o(i).
0
Let c(q) = q + 1481 + 2*q**2 - 3*q**2 - 1487. Calculate c(0).
-6
Let k(c) = -29*c**2 - 13*c + 5. Let p = 551 - 559. Let b(q) = 10*q**2 + 5*q - 2. Let m(i) = p*b(i) - 3*k(i). Calculate m(1).
7
Let f(v) = -v - 3. Suppose 7*q + 3941 - 399 = 0. Let r = q + 500. Determine f(r).
3
Suppose 37*p + 280 = 65*p. Let x(k) = k**3 - 9*k**2 - 11*k - 11. Determine x(p).
-21
Let y(w) be the second derivative of w**5/20 - 7*w**4/12 - w**3/6 + 5*w**2/2 + 558*w. Give y(9).
158
Let g = -202 + 193. Let q be g/(-15) + (208/20 - 5). Let r(x) = x - 12. Give r(q).
-6
Let t(m) = 1. Let v(f) = -f - 4. Let z(b) = -t(b) - v(b). Let u be z(-3). Let k(q) be the second derivative of q**5/20 - 13*q**2/2 + 6*q + 568. What is k(u)?
-13
Let c(w) = -6*w**2 + w + 1. Let u(m) = 13*m - 70. Let t be u(5). Let o(q) = 7*q**2 - q. Let k(i) = t*c(i) - 4*o(i). What is k(3)?
10
Let f(b) = -1298*b**2 - 1297*b**2 + 8*b - 9 - 1294*b**2 + 4*b + 3890*b**2. Calculate f(-12).
-9
Suppose 0*v = -12*v + 9*v. Let q(f) be the third derivative of 1/24*f**4 + 4*f**2 - 11/6*f**3 + v*f + 0. Calculate q(9).
-2
Let x(v) be the third derivative of -v**3 + 1/12*v**4 + 143*v**2 + 0*v + 1/60*v**5 + 0. Give x(4).
18
Let n(j) be the first derivative of j**4/4 + 2*j**3 - 7*j**2/2 + 9*j - 20405. Let c(h) = h**3 + 4*h**2 + 3*h + 5. Let y be c(-4). Determine n(y).
9
Suppose 17*h = -48 + 82. Suppose -h*o + 8 = -4*t + 7*t, t = 2*o - 8. Let m(q) = -10*q - 3. Determine m(o).
-43
Suppose 18*n - 76 = 14. Let j(c) = 34*c**3 + n*c**2 - 2*c - 36*c**3 + 5*c**2 + c. Give j(5).
-5
Let c = -524 + 411. Let a = 117 + c. Let z(u) = 3*u**2 - 4*u + 2. Calculate z(a).
34
Suppose -2*s - 9 = -3*w, 3*s - 3 = 48*w - 49*w. Let f(g) = -g**3 + 2*g**2 - 2*g + 3. Calculate f(w).
-12
Let f(r) = r**3 + 12*r**2 + 16*r - 7. Let y = -18248 - -18237. What is f(y)?
-62
Let j = 37 - 27. Let a(u) = -5*u + j*u + 5*u - 6*u + 6. Give a(-3).
-6
Let j(k) = 4*k + 0*k + 9 + 2*k + 0 - 3*k. Suppose 21*t + 18 = 18*t. Determine j(t).
-9
Let u = 161 - 155. Let q(s) = -123*s + 63*s + u + 64*s. Determine q(-3).
-6
Let g(a) be the first derivative of -a**2 + 8*a + 1411. What is g(15)?
-22
Let j(l) = 466*l - 2363*l + 477*l - l**2 - 17 + 471*l + 472*l + 476*l + l**3. Suppose 0 = 2*o - 7*o. Determine j(o).
-17
Let m(b) = 517*b + 8792. Let a be m(-17). Let p(v) be the second derivative of v**4/12 - v**3/6 - v**2 + v. Calculate p(a).
4
Let c(t) = t**3 + 8*t**2 - 11*t - 16. Suppose -l - 71 + 61 = 0. Let b be c(l). Let p = b - -110. Let q(s) = s**2 - 4*s + 2. What is q(p)?
2
Let g(y) = 3*y**3 - 4 + y**3 + 2*y**2 + 6*y**2 - 3*y**3. Suppose 4*r + 15 - 11 = -28. Give g(r).
-4
Let x = -7838 - -7836. Let t(v) = -2*v - 10. Give t(x).
-6
Let z = 7 + -10. Let y(h) be the third derivative of h**4/4 + h**3/3 - 727*h**2. What is y(z)?
-16
Let i(d) = -3*d**3 + 7*d**2 - 15*d. Let m(p) = -2*p**2 + 6*p + 1. Let z(s) = -i(s) - 2*m(s). Let a = -38 - -40. What is z(a)?
16
Let l = 196 - 173. Let h = -27 + l. Let o(u) be the first derivative of u**2 + u - 2. Calculate o(h).
-7
Suppose 0 = 2*r + r. Let z(b) = 6*b + 69. Let o be z(-11). Let i(t) = 25*t**o - 12*t**3 - 14*t**3. What is i(r)?
0
Let u(h) = -h**2 - 15*h - 25. Let f = -2518 - -2501. Determine u(f).
-59
Let i(l) = -l**3 - l**2 + l + 5. Let q = 537 + -537. Let o be i(q). Let v(h) be the third derivative of -h**5/60 + h**4/12 + 5*h**3/6 - h**2. What is v(o)?
-10
Let v(g) = 2*g**3 + 8*g**2 - g + 1. Let s(q) = 3*q**3 + 15*q**2 - q. Let x(b) = -3*s(b) + 5*v(b). Calculate x(6).
29
Let i be (-12)/(-3) - (-252)/(-4). Let f = i - -61. Let s(y) = -5*y + y**3 - 3*y**f - 8*y + 2 + 9*y**2 + 6*y. Give s(-7).
2
Let k(a) be the second derivative of a**7/840 + a**6/120 - a**5/24 - a**4/4 + 119*a**3/6 - 9*a - 2. Let v(m) be the second derivative of k(m). What is v(-4)?
-2
Let n(d) = -d**3 + 3*d**2 - 4*d + 4. Let r be n(3). Let s(v) = -3847*v + 20. Let j(l) = 2263*l - 12. Let t(c) = 17*j(c) + 10*s(c). Determine t(r).
-12
Let i(k) be the second derivative of k**3/2 - 9*k**2/2 + 689*k. What is i(3)?
0
Suppose 3*p - 7 = y, 5*p = 13*y - 15*y + 19. Let n(z) = -z**3 - z**2 + z - 4. What is n(p)?
-37
Let i = -271 - -1133. Let c = i + -513. Let t(s) = -1 - 359*s + 1 + c*s. Calculate t(1).
-10
Let d be ((-112)/16 - -8)*11. Let c be (-1)/(3/4)*3. Let k(j) = -14*j - 42. Let u(t) = -5*t - 14. Let a(h) = c*k(h) + d*u(h). Determine a(-10).
4
Let v(u) = 41*u**2 - 90*u**2 - 41*u**3 - 1 + 46*u**2 + 2*u + 46*u**3. Give v(1).
3
Let p(s) = -335 + 337 - 21*s - 21*s + 40*s. Let l = 8 - 4. Determine p(l).
-6
Let m(d) = -d**3 + 7*d**2 - 3*d - 7. Let i = 208 - 141. Let f = -77 + i. Let l be -12*5/(-25)*f/(-4). Give m(l).
11
Let x(n) = -9*n + 852. Let t be x(0). Let i(m) = -4 - 6*m + 1 + 2*m - t*m**3 - 3*m**2 + 853*m**3. Determine i(-2).
-15
Let y(i) = -5*i**2 - 3*i - 11. Let b = 165 - 159. Let s(o) = -9*o**2 - 7*o - 22. Let t(z) = b*s(z) - 11*y(z). Determine t(10).
-1
Let c be ((-1)/(-1))/(26/52 + 21/(-46)). Let h(o) = o**2 + 11*o - 785. Determine h(c).
-3
Let g(q) be the first derivative of -q**4/4 + 4*q**3 - 13*q**2/2 + 16*q + 32004. Let h = -10 - -21. What is g(h)?
-6
Suppose -2*c + 2*u = -44, 5*c - 11*u + 16*u - 60 = 0. Let f(a) = -a**2 + 28*a - 189. Determine f(c).
-2
Let w(l) = -3*l**2 + 9*l + 7. Let p(s) = 2*s**2 - 9*s - 4. Let x(c) = -4*p(c) - 3*w(c). Let j = -26 + 16. What is x(j)?
5
Let l = -15/37 + 97/148. Let b(v) be the first derivative of 5 - 4*v**2 + 8/3*v**3 + 8*v - l*v**4. Determine b(7).
1
Let r = 14 - 13. Let d(t) = -t**3 + 7*t**2 + 2*t - 12. Let u be d(7). Let m(z) = -4*z + 6*z - 1 